{"id":848,"date":"2025-06-16T09:36:21","date_gmt":"2025-06-16T09:36:21","guid":{"rendered":"https:\/\/www.celarya.com.br\/?page_id=848"},"modified":"2025-06-16T09:36:44","modified_gmt":"2025-06-16T09:36:44","slug":"imoveis-em-obras","status":"publish","type":"page","link":"https:\/\/www.celarya.com.br\/?page_id=848","title":{"rendered":"Im\u00f3veis Em Obras"},"content":{"rendered":"\t\t<div data-elementor-type=\"wp-page\" data-elementor-id=\"848\" class=\"elementor elementor-848\" data-elementor-post-type=\"page\">\n\t\t\t\t<div class=\"elementor-element elementor-element-ca75c78 e-flex e-con-boxed e-con e-parent\" data-id=\"ca75c78\" data-element_type=\"container\" data-settings=\"{&quot;background_background&quot;:&quot;classic&quot;}\">\n\t\t\t\t\t<div class=\"e-con-inner\">\n\t\t\t\t<div class=\"elementor-element elementor-element-8e9fa36 elementor-widget elementor-widget-image\" data-id=\"8e9fa36\" data-element_type=\"widget\" data-widget_type=\"image.default\">\n\t\t\t\t<div class=\"elementor-widget-container\">\n\t\t\t\t\t\t\t\t\t\t\t\t\t\t\t<img fetchpriority=\"high\" decoding=\"async\" width=\"900\" height=\"993\" src=\"https:\/\/www.celarya.com.br\/wp-content\/uploads\/2025\/06\/LOGO-PNG--928x1024.png\" class=\"attachment-large size-large wp-image-711\" alt=\"\" srcset=\"https:\/\/www.celarya.com.br\/wp-content\/uploads\/2025\/06\/LOGO-PNG--928x1024.png 928w, https:\/\/www.celarya.com.br\/wp-content\/uploads\/2025\/06\/LOGO-PNG--768x847.png 768w, https:\/\/www.celarya.com.br\/wp-content\/uploads\/2025\/06\/LOGO-PNG--600x662.png 600w, https:\/\/www.celarya.com.br\/wp-content\/uploads\/2025\/06\/LOGO-PNG-.png 1260w\" sizes=\"(max-width: 900px) 100vw, 900px\" \/>\t\t\t\t\t\t\t\t\t\t\t\t\t\t\t<\/div>\n\t\t\t\t<\/div>\n\t\t\t\t<div class=\"elementor-element elementor-element-7ea1667 elementor-widget elementor-widget-heading\" data-id=\"7ea1667\" data-element_type=\"widget\" data-widget_type=\"heading.default\">\n\t\t\t\t<div class=\"elementor-widget-container\">\n\t\t\t\t\t<h2 class=\"elementor-heading-title elementor-size-default\">Entenda Im\u00f3veis em Obras<\/h2>\t\t\t\t<\/div>\n\t\t\t\t<\/div>\n\t\t\t\t<div class=\"elementor-element elementor-element-2ceb23b elementor-widget__width-initial elementor-widget elementor-widget-text-editor\" data-id=\"2ceb23b\" data-element_type=\"widget\" data-widget_type=\"text-editor.default\">\n\t\t\t\t<div class=\"elementor-widget-container\">\n\t\t\t\t\t\t\t\t\t<p data-start=\"122\" data-end=\"428\">Im\u00f3veis em obra s\u00e3o aqueles que est\u00e3o em fase de constru\u00e7\u00e3o \u2014 ou seja, j\u00e1 tiveram o projeto aprovado e as obras iniciadas, mas ainda n\u00e3o est\u00e3o prontos para entrega. Nessa etapa, o comprador adquire o im\u00f3vel antes da finaliza\u00e7\u00e3o, muitas vezes com <strong data-start=\"368\" data-end=\"392\">pre\u00e7o mais acess\u00edvel<\/strong> e condi\u00e7\u00f5es especiais de pagamento.<\/p><p data-start=\"430\" data-end=\"662\">Entre as vantagens est\u00e3o o parcelamento durante a obra, a valoriza\u00e7\u00e3o at\u00e9 a entrega e a possibilidade de escolher unidades com melhor localiza\u00e7\u00e3o no empreendimento. Al\u00e9m disso, alguns projetos permitem personaliza\u00e7\u00e3o de acabamentos.<\/p><p data-start=\"664\" data-end=\"822\">Por outro lado, \u00e9 essencial analisar o cronograma da obra, a reputa\u00e7\u00e3o da construtora e as garantias oferecidas, para evitar atrasos ou problemas contratuais.<\/p>\t\t\t\t\t\t\t\t<\/div>\n\t\t\t\t<\/div>\n\t\t\t\t\t<\/div>\n\t\t\t\t<\/div>\n\t\t\t\t<\/div>\n\t\t","protected":false},"excerpt":{"rendered":"<p>Entenda Im\u00f3veis em Obras Im\u00f3veis em obra s\u00e3o aqueles que est\u00e3o em fase de constru\u00e7\u00e3o \u2014 ou seja, j\u00e1 tiveram o projeto aprovado e as obras iniciadas, mas ainda n\u00e3o [&hellip;]<\/p>\n","protected":false},"author":1,"featured_media":0,"parent":0,"menu_order":0,"comment_status":"closed","ping_status":"closed","template":"","meta":{"_acf_changed":false,"footnotes":""},"class_list":["post-848","page","type-page","status-publish","hentry"],"acf":[],"_links":{"self":[{"href":"https:\/\/www.celarya.com.br\/index.php?rest_route=\/wp\/v2\/pages\/848","targetHints":{"allow":["GET"]}}],"collection":[{"href":"https:\/\/www.celarya.com.br\/index.php?rest_route=\/wp\/v2\/pages"}],"about":[{"href":"https:\/\/www.celarya.com.br\/index.php?rest_route=\/wp\/v2\/types\/page"}],"author":[{"embeddable":true,"href":"https:\/\/www.celarya.com.br\/index.php?rest_route=\/wp\/v2\/users\/1"}],"replies":[{"embeddable":true,"href":"https:\/\/www.celarya.com.br\/index.php?rest_route=%2Fwp%2Fv2%2Fcomments&post=848"}],"version-history":[{"count":4,"href":"https:\/\/www.celarya.com.br\/index.php?rest_route=\/wp\/v2\/pages\/848\/revisions"}],"predecessor-version":[{"id":852,"href":"https:\/\/www.celarya.com.br\/index.php?rest_route=\/wp\/v2\/pages\/848\/revisions\/852"}],"wp:attachment":[{"href":"https:\/\/www.celarya.com.br\/index.php?rest_route=%2Fwp%2Fv2%2Fmedia&parent=848"}],"curies":[{"name":"wp","href":"https:\/\/api.w.org\/{rel}","templated":true}]}}