{"id":838,"date":"2025-06-16T09:32:47","date_gmt":"2025-06-16T09:32:47","guid":{"rendered":"https:\/\/www.celarya.com.br\/?page_id=838"},"modified":"2025-06-16T09:33:40","modified_gmt":"2025-06-16T09:33:40","slug":"info-comerciais","status":"publish","type":"page","link":"https:\/\/www.celarya.com.br\/?page_id=838","title":{"rendered":"Info Comerciais"},"content":{"rendered":"\t\t<div data-elementor-type=\"wp-page\" data-elementor-id=\"838\" class=\"elementor elementor-838\" data-elementor-post-type=\"page\">\n\t\t\t\t<div class=\"elementor-element elementor-element-7758b29 e-flex e-con-boxed e-con e-parent\" data-id=\"7758b29\" data-element_type=\"container\" data-settings=\"{&quot;background_background&quot;:&quot;classic&quot;}\">\n\t\t\t\t\t<div class=\"e-con-inner\">\n\t\t\t\t<div class=\"elementor-element elementor-element-6236866 elementor-widget elementor-widget-image\" data-id=\"6236866\" data-element_type=\"widget\" data-widget_type=\"image.default\">\n\t\t\t\t<div class=\"elementor-widget-container\">\n\t\t\t\t\t\t\t\t\t\t\t\t\t\t\t<img fetchpriority=\"high\" decoding=\"async\" width=\"900\" height=\"993\" src=\"https:\/\/www.celarya.com.br\/wp-content\/uploads\/2025\/06\/LOGO-PNG--928x1024.png\" class=\"attachment-large size-large wp-image-711\" alt=\"\" srcset=\"https:\/\/www.celarya.com.br\/wp-content\/uploads\/2025\/06\/LOGO-PNG--928x1024.png 928w, https:\/\/www.celarya.com.br\/wp-content\/uploads\/2025\/06\/LOGO-PNG--768x847.png 768w, https:\/\/www.celarya.com.br\/wp-content\/uploads\/2025\/06\/LOGO-PNG--600x662.png 600w, https:\/\/www.celarya.com.br\/wp-content\/uploads\/2025\/06\/LOGO-PNG-.png 1260w\" sizes=\"(max-width: 900px) 100vw, 900px\" \/>\t\t\t\t\t\t\t\t\t\t\t\t\t\t\t<\/div>\n\t\t\t\t<\/div>\n\t\t\t\t<div class=\"elementor-element elementor-element-b3a3174 elementor-widget elementor-widget-heading\" data-id=\"b3a3174\" data-element_type=\"widget\" data-widget_type=\"heading.default\">\n\t\t\t\t<div class=\"elementor-widget-container\">\n\t\t\t\t\t<h2 class=\"elementor-heading-title elementor-size-default\">Entenda Im\u00f3veis Comerciais<\/h2>\t\t\t\t<\/div>\n\t\t\t\t<\/div>\n\t\t\t\t<div class=\"elementor-element elementor-element-2c1635f elementor-widget__width-initial elementor-widget elementor-widget-text-editor\" data-id=\"2c1635f\" data-element_type=\"widget\" data-widget_type=\"text-editor.default\">\n\t\t\t\t<div class=\"elementor-widget-container\">\n\t\t\t\t\t\t\t\t\t<p data-start=\"128\" data-end=\"435\">Im\u00f3veis comerciais s\u00e3o espa\u00e7os projetados para atividades empresariais, como lojas, salas, consult\u00f3rios, galp\u00f5es e escrit\u00f3rios. Diferente dos im\u00f3veis residenciais, eles s\u00e3o pensados para atender demandas de neg\u00f3cios \u2014 com localiza\u00e7\u00e3o estrat\u00e9gica, infraestrutura adequada e, muitas vezes, maior visibilidade.<\/p><p data-start=\"437\" data-end=\"680\">Investir em um im\u00f3vel comercial pode ser uma excelente oportunidade de renda, j\u00e1 que esses espa\u00e7os costumam ter <strong data-start=\"549\" data-end=\"572\">alugu\u00e9is mais altos<\/strong> e contratos mais longos. Al\u00e9m disso, s\u00e3o muito procurados por profissionais liberais, empresas e franquias.<\/p><p data-start=\"682\" data-end=\"867\">\u00c9 importante considerar fatores como fluxo de pessoas, zoneamento urbano, acessibilidade e o tipo de atividade permitida no local, para garantir seguran\u00e7a e valoriza\u00e7\u00e3o do investimento.<\/p>\t\t\t\t\t\t\t\t<\/div>\n\t\t\t\t<\/div>\n\t\t\t\t\t<\/div>\n\t\t\t\t<\/div>\n\t\t\t\t<\/div>\n\t\t","protected":false},"excerpt":{"rendered":"<p>Entenda Im\u00f3veis Comerciais Im\u00f3veis comerciais s\u00e3o espa\u00e7os projetados para atividades empresariais, como lojas, salas, consult\u00f3rios, galp\u00f5es e escrit\u00f3rios. Diferente dos im\u00f3veis residenciais, eles s\u00e3o pensados para atender demandas de neg\u00f3cios [&hellip;]<\/p>\n","protected":false},"author":1,"featured_media":0,"parent":0,"menu_order":0,"comment_status":"closed","ping_status":"closed","template":"","meta":{"_acf_changed":false,"footnotes":""},"class_list":["post-838","page","type-page","status-publish","hentry"],"acf":[],"_links":{"self":[{"href":"https:\/\/www.celarya.com.br\/index.php?rest_route=\/wp\/v2\/pages\/838","targetHints":{"allow":["GET"]}}],"collection":[{"href":"https:\/\/www.celarya.com.br\/index.php?rest_route=\/wp\/v2\/pages"}],"about":[{"href":"https:\/\/www.celarya.com.br\/index.php?rest_route=\/wp\/v2\/types\/page"}],"author":[{"embeddable":true,"href":"https:\/\/www.celarya.com.br\/index.php?rest_route=\/wp\/v2\/users\/1"}],"replies":[{"embeddable":true,"href":"https:\/\/www.celarya.com.br\/index.php?rest_route=%2Fwp%2Fv2%2Fcomments&post=838"}],"version-history":[{"count":4,"href":"https:\/\/www.celarya.com.br\/index.php?rest_route=\/wp\/v2\/pages\/838\/revisions"}],"predecessor-version":[{"id":842,"href":"https:\/\/www.celarya.com.br\/index.php?rest_route=\/wp\/v2\/pages\/838\/revisions\/842"}],"wp:attachment":[{"href":"https:\/\/www.celarya.com.br\/index.php?rest_route=%2Fwp%2Fv2%2Fmedia&parent=838"}],"curies":[{"name":"wp","href":"https:\/\/api.w.org\/{rel}","templated":true}]}}